{"id":106,"date":"2023-08-09T13:08:34","date_gmt":"2023-08-09T11:08:34","guid":{"rendered":"http:\/\/imotion-yoga.de\/home\/?page_id=106"},"modified":"2026-02-03T11:36:52","modified_gmt":"2026-02-03T10:36:52","slug":"workshops","status":"publish","type":"page","link":"http:\/\/imotion-yoga.de\/home\/workshops\/","title":{"rendered":"Workshops"},"content":{"rendered":"<p>[et_pb_section fb_built=&#8221;1&#8243; _builder_version=&#8221;4.21.0&#8243; _module_preset=&#8221;default&#8221; background_image=&#8221;http:\/\/imotion-yoga.de\/wp-content\/uploads\/2023\/08\/205CB81A-2F6E-4D30-8E9C-5F1239B47916-scaled.jpeg&#8221; min_height=&#8221;466px&#8221; global_colors_info=&#8221;{}&#8221;][et_pb_row column_structure=&#8221;1_4,1_2,1_4&#8243; _builder_version=&#8221;4.21.0&#8243; _module_preset=&#8221;default&#8221; global_colors_info=&#8221;{}&#8221;][et_pb_column type=&#8221;1_4&#8243; _builder_version=&#8221;4.21.0&#8243; _module_preset=&#8221;default&#8221; global_colors_info=&#8221;{}&#8221;][\/et_pb_column][et_pb_column type=&#8221;1_2&#8243; _builder_version=&#8221;4.21.0&#8243; _module_preset=&#8221;default&#8221; global_colors_info=&#8221;{}&#8221;][et_pb_text _builder_version=&#8221;4.21.2&#8243; _module_preset=&#8221;default&#8221; header_font=&#8221;|700|||||||&#8221; header_text_color=&#8221;#E09900&#8243; header_font_size=&#8221;73px&#8221; background_color=&#8221;rgba(255,255,255,0.45)&#8221; custom_margin=&#8221;33px||30px||false|false&#8221; custom_margin_tablet=&#8221;33px||30px|5px|false|false&#8221; custom_margin_phone=&#8221;33px||30px|5px|false|false&#8221; custom_margin_last_edited=&#8221;on|tablet&#8221; custom_padding=&#8221;46px||11px||false|false&#8221; custom_padding_tablet=&#8221;46px||11px|44px|false|false&#8221; custom_padding_phone=&#8221;46px||11px|44px|false|false&#8221; custom_padding_last_edited=&#8221;on|tablet&#8221; text_font_size_tablet=&#8221;&#8221; text_font_size_phone=&#8221;1px&#8221; text_font_size_last_edited=&#8221;on|phone&#8221; header_font_size_tablet=&#8221;73px&#8221; header_font_size_phone=&#8221;52px&#8221; header_font_size_last_edited=&#8221;on|phone&#8221; border_radii=&#8221;on|50px|50px|50px|50px&#8221; global_colors_info=&#8221;{}&#8221; background__hover_enabled=&#8221;on|desktop&#8221;]<\/p>\n<h1><strong>\u00a0Workshops<\/strong><\/h1>\n<p><strong><\/strong><\/p>\n<p><strong><\/strong><\/p>\n<p><strong><\/strong><\/p>\n<p><strong><\/strong><\/p>\n<p>[\/et_pb_text][\/et_pb_column][et_pb_column type=&#8221;1_4&#8243; _builder_version=&#8221;4.21.0&#8243; _module_preset=&#8221;default&#8221; global_colors_info=&#8221;{}&#8221;][\/et_pb_column][\/et_pb_row][\/et_pb_section][et_pb_section fb_built=&#8221;1&#8243; _builder_version=&#8221;4.21.2&#8243; _module_preset=&#8221;default&#8221; background_color=&#8221;#fff3ed&#8221; global_colors_info=&#8221;{}&#8221;][et_pb_row _builder_version=&#8221;4.21.2&#8243; _module_preset=&#8221;default&#8221; global_colors_info=&#8221;{}&#8221;][et_pb_column type=&#8221;4_4&#8243; _builder_version=&#8221;4.21.2&#8243; _module_preset=&#8221;default&#8221; global_colors_info=&#8221;{}&#8221;][et_pb_blurb title=&#8221;Yogakurunta &#8211; Yoga mit      den Wandseilen                                    &#8221; image=&#8221;http:\/\/imotion-yoga.de\/wp-content\/uploads\/2026\/02\/alvitha-ahrweiler-yogaraum-scaled-1.jpg&#8221; _builder_version=&#8221;4.21.2&#8243; _module_preset=&#8221;default&#8221; header_level=&#8221;h1&#8243; header_font=&#8221;|700|||||||&#8221; header_text_align=&#8221;center&#8221; header_font_size=&#8221;43px&#8221; header_line_height=&#8221;1.3em&#8221; background_color=&#8221;#e8e8e8&#8243; custom_padding=&#8221;||0px|16px|false|false&#8221; hover_enabled=&#8221;0&#8243; border_width_all_image=&#8221;20px&#8221; border_color_all_image=&#8221;#D6D6D6&#8243; global_colors_info=&#8221;{}&#8221; sticky_enabled=&#8221;0&#8243;]<\/p>\n<p style=\"text-align: center;\"><span style=\"color: #e09900; font-size: large;\">Unterst\u00fctzung &#8211; Erdung &#8211; Leichtigkeit<\/span><\/p>\n<p>Das \u00dcben mit den Wandseilen erm\u00f6glicht ganz Neue Perspektiven. W\u00e4hrend meiner Ausbildung zur Iyengar &#8211; Yoga Lehrerin geh\u00f6rten die Wandseile zum Standart und sind ein typisches Aush\u00e4ngeschild f\u00fcr den Iyengar &#8211; Yoga. Die Seile geben Halt und erm\u00f6glichen viel Ausdehnung im K\u00f6rper, viele Yogahaltungen k\u00f6nnen so vertieft werden und sind viel leichter durchzuf\u00fchren und vor allen Dingen macht es viel, viel Spass,&#8230;<\/p>\n<p>Am Vormittag werden wir eher eine aktive Sequenz \u00fcben und am Nachmittag wird&#8217;s regenerativ und gaaaaanz entspannt,&#8230;<\/p>\n<p>Freue Dich auf eine neuartige Abwechslung und Erfahrung in Deiner \u00dcbungspraxis \ud83d\ude00\ud83d\ude00\ud83d\ude00<\/p>\n<h1 style=\"font-weight: 400; text-align: center;\"><span style=\"font-size: 14px; text-align: center;\">Samstag 28.03.26<\/span><\/h1>\n<p style=\"text-align: center;\">10.30 &#8211; 13.00 Uhr<\/p>\n<p style=\"text-align: center;\">Mittagessen<\/p>\n<p style=\"text-align: center;\">14.30 &#8211; 17.00 Uhr<\/p>\n<p style=\"text-align: center;\">Deine Investition:<\/p>\n<p style=\"text-align: center;\">Fr\u00fchbucherrabatt: 95 \u20ac inkl. Mittagessen bei Anmeldung bis 28.02.26, ab dann 110 \u20ac<\/p>\n<p style=\"text-align: left;\">Veranstaltungsort: \u00a0 \u00a0 \u00a0 \u00a0 \u00a0 \u00a0 \u00a0 \u00a0 \u00a0 \u00a0 \u00a0 \u00a0 \u00a0 \u00a0 \u00a0 \u00a0 \u00a0 \u00a0 \u00a0 \u00a0 \u00a0 \u00a0 \u00a0 \u00a0 \u00a0 \u00a0 \u00a0 \u00a0 \u00a0 \u00a0 \u00a0 \u00a0 \u00a0 \u00a0 \u00a0 \u00a0 \u00a0 \u00a0 \u00a0 \u00a0 \u00a0 \u00a0 \u00a0 \u00a0 \u00a0 \u00a0 \u00a0 \u00a0 \u00a0 \u00a0 \u00a0 \u00a0 \u00a0 \u00a0 \u00a0 <span id=\"isPasted\">Alvitha \u2013 Zentrum f\u00fcr Gesundheit und Bewegung<\/span><br \/><span>Peter-Jansen-Stra\u00dfe 16<\/span><br \/><span>53474 Bad Neuenahr-Ahrweiler<\/span><\/p>\n<p style=\"text-align: left;\">Der Bahnhof Ahrweiler ist 5 Minuten zu Fu\u00df entfernt.<\/p>\n<p>[\/et_pb_blurb][\/et_pb_column][\/et_pb_row][\/et_pb_section][et_pb_section fb_built=&#8221;1&#8243; _builder_version=&#8221;4.21.2&#8243; _module_preset=&#8221;default&#8221; background_color=&#8221;#75b4ae&#8221; global_colors_info=&#8221;{}&#8221;][et_pb_row _builder_version=&#8221;4.21.2&#8243; _module_preset=&#8221;default&#8221; global_colors_info=&#8221;{}&#8221;][et_pb_column type=&#8221;4_4&#8243; _builder_version=&#8221;4.21.0&#8243; _module_preset=&#8221;default&#8221; global_colors_info=&#8221;{}&#8221;][et_pb_signup mailchimp_list=&#8221;Praxis f\u00fcr Physiotherapie und Iyengar\u00ae-Yoga|4faa7e9726&#8243; success_message=&#8221;Ja, das hat geklappt! Gucke bitte auch im Spam und best\u00e4tige den Link in der E-mail!&#8221; title=&#8221;Abonniere jetzt den Newsletter!&#8221; description=&#8221;<\/p>\n<p>Hier erh\u00e4ltst Du regelm\u00e4\u00dfig Informationen zu meinen Angeboten rund um Yoga und Spiraldynamik, zu Kursen , Workhops und Reisen!<\/p>\n<p>&#8221; _builder_version=&#8221;4.21.2&#8243; _module_preset=&#8221;default&#8221; background_color=&#8221;#d1a821&#8243; border_radii=&#8221;off|20px|20px|20px|20px&#8221; global_colors_info=&#8221;{}&#8221;][\/et_pb_signup][\/et_pb_column][\/et_pb_row][\/et_pb_section][et_pb_section fb_built=&#8221;1&#8243; _builder_version=&#8221;4.21.2&#8243; _module_preset=&#8221;default&#8221; background_color=&#8221;#e8e8e8&#8243; min_height=&#8221;257px&#8221; min_height_tablet=&#8221;257px&#8221; min_height_phone=&#8221;693px&#8221; min_height_last_edited=&#8221;on|phone&#8221; height=&#8221;461px&#8221; height_tablet=&#8221;888px&#8221; height_phone=&#8221;461px&#8221; height_last_edited=&#8221;on|phone&#8221; max_height_tablet=&#8221;&#8221; max_height_phone=&#8221;&#8221; max_height_last_edited=&#8221;on|phone&#8221; global_colors_info=&#8221;{}&#8221;][et_pb_row column_structure=&#8221;3_5,2_5&#8243; _builder_version=&#8221;4.21.2&#8243; _module_preset=&#8221;default&#8221; global_colors_info=&#8221;{}&#8221;][et_pb_column type=&#8221;3_5&#8243; _builder_version=&#8221;4.21.2&#8243; _module_preset=&#8221;default&#8221; global_colors_info=&#8221;{}&#8221;][et_pb_text content_tablet=&#8221;<\/p>\n<p><strong><\/strong><\/p>\n<h1 style=%22text-align: center;%22><strong><\/strong>Iyengar\u00ae-Yoga trifft Spiraldynamik\u00ae<\/h1>\n<p style=%22text-align: center;%22><strong><\/strong><\/p>\n<p style=%22text-align: center;%22><strong><\/strong><\/p>\n<p style=%22text-align: center;%22><strong><\/strong><\/p>\n<p style=%22text-align: center;%22><b>Praxis f\u00fcr Physiotheraphie &#038; Yoga<\/b><\/p>\n<p style=%22text-align: center;%22><b>Ilona M\u00fcller<\/b><\/p>\n<p style=%22text-align: center;%22>Hausdorffstra\u00dfe 102<\/p>\n<p style=%22text-align: center;%22>53129 Bonn Kessenich<\/p>\n<p style=%22text-align: center;%22>mueller.ilo@web.de<\/p>\n<p style=%22text-align: center;%22>&#8221; content_phone=&#8221;<\/p>\n<p><strong><\/strong><\/p>\n<h1><strong><\/strong><\/h1>\n<h1><strong><\/strong><\/h1>\n<h1><strong><\/strong><\/h1>\n<h1><strong><\/strong><\/h1>\n<h1><strong><\/strong><\/h1>\n<h1><strong><\/strong><\/h1>\n<h1><strong><\/strong><\/h1>\n<h1 style=%22text-align: center;%22><strong><\/strong>Iyengar\u00ae-Yoga trifft Spiraldynamik\u00ae<\/h1>\n<\/p>\n<p style=%22text-align: center;%22><strong>Praxis f\u00fcr Physiotherapie &#038; Yoga<\/strong><\/p>\n<p style=%22text-align: center;%22><strong>Ilona M\u00fcller<\/strong><\/p>\n<p style=%22text-align: center;%22>Hausdorffstra\u00dfe 102<\/p>\n<p style=%22text-align: center;%22>53129 Bonn Kessenich<\/p>\n<p style=%22text-align: center;%22>mueller.ilo@web.de<\/p>\n<p style=%22text-align: center;%22>&#8221; content_last_edited=&#8221;on|phone&#8221; _builder_version=&#8221;4.21.2&#8243; _module_preset=&#8221;default&#8221; text_font_size=&#8221;15px&#8221; text_line_height=&#8221;1.2em&#8221; header_font=&#8221;Domine|700|||||||&#8221; header_text_color=&#8221;#E09900&#8243; header_font_size=&#8221;28px&#8221; header_line_height=&#8221;1.4em&#8221; custom_margin=&#8221;10px||-15px||false|false&#8221; custom_margin_tablet=&#8221;10px||-15px||false|false&#8221; custom_margin_phone=&#8221;-90px||-15px||false|false&#8221; custom_margin_last_edited=&#8221;on|phone&#8221; custom_padding=&#8221;0px||0px||false|false&#8221; text_line_height_tablet=&#8221;1.2em&#8221; text_line_height_phone=&#8221;1.2em&#8221; text_line_height_last_edited=&#8221;on|desktop&#8221; global_colors_info=&#8221;{}&#8221;]<\/p>\n<p><strong><\/strong><\/p>\n<h1><strong><\/strong>Iyengar\u00ae-Yoga trifft Spiraldynamik\u00ae<\/h1>\n<p><strong><\/strong><\/p>\n<p><strong>Praxis f\u00fcr Physiotherapie &amp; Yoga<\/strong><\/p>\n<p><strong>Ilona M\u00fcller<\/strong><\/p>\n<p>Hausdorffstra\u00dfe 102<\/p>\n<p>53129 Bonn Kessenich<\/p>\n<p><a href=\"mailto:mueller.ilo@web.de\">mueller.ilo@web.de<\/a><\/p>\n<p>Private Kassen &amp; Selbstzahler<\/p>\n<p><strong><\/strong><\/p>\n<p>&nbsp;<\/p>\n<p>&nbsp;<\/p>\n<p>[\/et_pb_text][\/et_pb_column][et_pb_column type=&#8221;2_5&#8243; _builder_version=&#8221;4.21.2&#8243; _module_preset=&#8221;default&#8221; global_colors_info=&#8221;{}&#8221;][et_pb_image src=&#8221;http:\/\/imotion-yoga.de\/wp-content\/uploads\/2023\/08\/6CAB6C93-9859-4C93-AEEE-01777B1D63E3.png&#8221; title_text=&#8221;6CAB6C93-9859-4C93-AEEE-01777B1D63E3&#8243; align=&#8221;center&#8221; _builder_version=&#8221;4.21.2&#8243; _module_preset=&#8221;default&#8221; custom_margin=&#8221;-39px||6px||false|false&#8221; custom_margin_tablet=&#8221;-24px||||false|false&#8221; custom_margin_phone=&#8221;-21px||6px||false|false&#8221; custom_margin_last_edited=&#8221;on|phone&#8221; custom_padding=&#8221;|0px||||&#8221; global_colors_info=&#8221;{}&#8221;][\/et_pb_image][\/et_pb_column][\/et_pb_row][\/et_pb_section][et_pb_section fb_built=&#8221;1&#8243; _builder_version=&#8221;4.21.2&#8243; _module_preset=&#8221;default&#8221; min_height=&#8221;100px&#8221; height=&#8221;100px&#8221; max_height=&#8221;100px&#8221; global_colors_info=&#8221;{}&#8221;][et_pb_row column_structure=&#8221;1_2,1_2&#8243; _builder_version=&#8221;4.21.2&#8243; _module_preset=&#8221;default&#8221; global_colors_info=&#8221;{}&#8221;][et_pb_column type=&#8221;1_2&#8243; _builder_version=&#8221;4.21.2&#8243; _module_preset=&#8221;default&#8221; global_colors_info=&#8221;{}&#8221;][et_pb_social_media_follow _builder_version=&#8221;4.21.2&#8243; _module_preset=&#8221;default&#8221; custom_margin=&#8221;-53px||||false|false&#8221; custom_padding=&#8221;0px||7px||false|false&#8221; global_colors_info=&#8221;{}&#8221;][et_pb_social_media_follow_network social_network=&#8221;facebook&#8221; icon_color=&#8221;#E09900&#8243; _builder_version=&#8221;4.21.2&#8243; _module_preset=&#8221;default&#8221; background_color=&#8221;#D6D6D6&#8243; background_enable_color=&#8221;on&#8221; global_colors_info=&#8221;{}&#8221; follow_button=&#8221;off&#8221; url_new_window=&#8221;on&#8221;]facebook[\/et_pb_social_media_follow_network][et_pb_social_media_follow_network social_network=&#8221;instagram&#8221; icon_color=&#8221;#E09900&#8243; _builder_version=&#8221;4.21.2&#8243; _module_preset=&#8221;default&#8221; background_color=&#8221;#D6D6D6&#8243; background_enable_color=&#8221;on&#8221; global_colors_info=&#8221;{}&#8221; follow_button=&#8221;off&#8221; url_new_window=&#8221;on&#8221;]instagram[\/et_pb_social_media_follow_network][\/et_pb_social_media_follow][\/et_pb_column][et_pb_column type=&#8221;1_2&#8243; _builder_version=&#8221;4.21.2&#8243; _module_preset=&#8221;default&#8221; global_colors_info=&#8221;{}&#8221;][et_pb_menu menu_id=&#8221;13&#8243; _builder_version=&#8221;4.21.2&#8243; _module_preset=&#8221;default&#8221; custom_margin=&#8221;-56px|20px||20px|false|true&#8221; global_colors_info=&#8221;{}&#8221;][\/et_pb_menu][\/et_pb_column][\/et_pb_row][\/et_pb_section]<\/p>\n","protected":false},"excerpt":{"rendered":"<p>\u00a0Workshops Unterst\u00fctzung &#8211; Erdung &#8211; Leichtigkeit Das \u00dcben mit den Wandseilen erm\u00f6glicht ganz Neue Perspektiven. W\u00e4hrend meiner Ausbildung zur Iyengar &#8211; Yoga Lehrerin geh\u00f6rten die Wandseile zum Standart und sind ein typisches Aush\u00e4ngeschild f\u00fcr den Iyengar &#8211; Yoga. Die Seile geben Halt und erm\u00f6glichen viel Ausdehnung im K\u00f6rper, viele Yogahaltungen k\u00f6nnen so vertieft werden und [&hellip;]<\/p>\n","protected":false},"author":1,"featured_media":0,"parent":0,"menu_order":0,"comment_status":"closed","ping_status":"closed","template":"","meta":{"_et_pb_use_builder":"on","_et_pb_old_content":"","_et_gb_content_width":"","om_disable_all_campaigns":false,"_monsterinsights_skip_tracking":false,"_monsterinsights_sitenote_active":false,"_monsterinsights_sitenote_note":"","_monsterinsights_sitenote_category":0,"footnotes":""},"class_list":["post-106","page","type-page","status-publish","hentry"],"aioseo_notices":[],"_links":{"self":[{"href":"http:\/\/imotion-yoga.de\/home\/wp-json\/wp\/v2\/pages\/106","targetHints":{"allow":["GET"]}}],"collection":[{"href":"http:\/\/imotion-yoga.de\/home\/wp-json\/wp\/v2\/pages"}],"about":[{"href":"http:\/\/imotion-yoga.de\/home\/wp-json\/wp\/v2\/types\/page"}],"author":[{"embeddable":true,"href":"http:\/\/imotion-yoga.de\/home\/wp-json\/wp\/v2\/users\/1"}],"replies":[{"embeddable":true,"href":"http:\/\/imotion-yoga.de\/home\/wp-json\/wp\/v2\/comments?post=106"}],"version-history":[{"count":19,"href":"http:\/\/imotion-yoga.de\/home\/wp-json\/wp\/v2\/pages\/106\/revisions"}],"predecessor-version":[{"id":716,"href":"http:\/\/imotion-yoga.de\/home\/wp-json\/wp\/v2\/pages\/106\/revisions\/716"}],"wp:attachment":[{"href":"http:\/\/imotion-yoga.de\/home\/wp-json\/wp\/v2\/media?parent=106"}],"curies":[{"name":"wp","href":"https:\/\/api.w.org\/{rel}","templated":true}]}}