{"id":183,"date":"2023-08-12T11:18:47","date_gmt":"2023-08-12T09:18:47","guid":{"rendered":"http:\/\/imotion-yoga.de\/home\/?page_id=183"},"modified":"2023-10-20T23:23:42","modified_gmt":"2023-10-20T21:23:42","slug":"yogatherapie-einzel","status":"publish","type":"page","link":"http:\/\/imotion-yoga.de\/home\/yogatherapie-einzel\/","title":{"rendered":"Yogatherapie\/Einzel"},"content":{"rendered":"<p>[et_pb_section fb_built=&#8221;1&#8243; _builder_version=&#8221;4.21.2&#8243; _module_preset=&#8221;default&#8221; background_image=&#8221;http:\/\/imotion-yoga.de\/wp-content\/uploads\/2023\/10\/sunrise-8235461_640.jpg&#8221; min_height=&#8221;311px&#8221; height=&#8221;429px&#8221; global_colors_info=&#8221;{}&#8221;][et_pb_row _builder_version=&#8221;4.21.2&#8243; _module_preset=&#8221;default&#8221; global_colors_info=&#8221;{}&#8221;][et_pb_column type=&#8221;4_4&#8243; _builder_version=&#8221;4.21.2&#8243; _module_preset=&#8221;default&#8221; global_colors_info=&#8221;{}&#8221;][et_pb_text _builder_version=&#8221;4.21.2&#8243; _module_preset=&#8221;default&#8221; text_text_color=&#8221;#5A0C1C&#8221; text_font_size=&#8221;24px&#8221; header_text_align=&#8221;center&#8221; header_text_color=&#8221;#5A0C1C&#8221; header_font_size=&#8221;61px&#8221; text_orientation=&#8221;center&#8221; custom_margin_tablet=&#8221;71px||||false|false&#8221; custom_margin_phone=&#8221;70px||||false|false&#8221; custom_margin_last_edited=&#8221;on|phone&#8221; hover_enabled=&#8221;0&#8243; header_font_tablet=&#8221;&#8221; header_font_phone=&#8221;&#8221; header_font_last_edited=&#8221;on|phone&#8221; header_font_size_tablet=&#8221;61px&#8221; header_font_size_phone=&#8221;45px&#8221; header_font_size_last_edited=&#8221;on|phone&#8221; global_colors_info=&#8221;{}&#8221; sticky_enabled=&#8221;0&#8243;]<\/p>\n<h1>Yogatherapie<\/h1>\n<p>Yoga in der Physiotherapie<\/p>\n<p>[\/et_pb_text][\/et_pb_column][\/et_pb_row][\/et_pb_section][et_pb_section fb_built=&#8221;1&#8243; _builder_version=&#8221;4.21.2&#8243; _module_preset=&#8221;default&#8221; background_color=&#8221;#e8e8e8&#8243; max_width=&#8221;100%&#8221; min_height_tablet=&#8221;&#8221; min_height_phone=&#8221;761px&#8221; min_height_last_edited=&#8221;on|phone&#8221; height_tablet=&#8221;&#8221; height_phone=&#8221;675px&#8221; height_last_edited=&#8221;on|phone&#8221; max_height_tablet=&#8221;&#8221; max_height_phone=&#8221;343px&#8221; max_height_last_edited=&#8221;on|phone&#8221; hover_enabled=&#8221;0&#8243; global_colors_info=&#8221;{}&#8221; min_height=&#8221;261px&#8221; height=&#8221;420px&#8221; max_height=&#8221;602px&#8221; sticky_enabled=&#8221;0&#8243;][et_pb_row column_structure=&#8221;1_2,1_2&#8243; _builder_version=&#8221;4.21.2&#8243; _module_preset=&#8221;default&#8221; global_colors_info=&#8221;{}&#8221;][et_pb_column type=&#8221;1_2&#8243; _builder_version=&#8221;4.21.2&#8243; _module_preset=&#8221;default&#8221; global_colors_info=&#8221;{}&#8221;][et_pb_text _builder_version=&#8221;4.21.2&#8243; _module_preset=&#8221;default&#8221; header_font_size=&#8221;24px&#8221; custom_margin_tablet=&#8221;&#8221; custom_margin_phone=&#8221;-22px||||false|false&#8221; custom_margin_last_edited=&#8221;on|phone&#8221; global_colors_info=&#8221;{}&#8221;]<\/p>\n<h1>Iyengar\u00ae-Yoga und Spiraldynamik\u00ae in der Physiotherapie<\/h1>\n<p><span>Die Kombination von Spiraldynamik und Iyengar-Yoga in der Physiotherapie bietet eine ganzheitliche Herangehensweise zur <strong>Rehabilitation<\/strong> und <strong>Schmerzbehandlung<\/strong>. Spiraldynamik basiert auf nat\u00fcrlichen Spiralmustern im K\u00f6rper und hilft, <strong>Bewegungsabl\u00e4ufe zu optimieren.<\/strong> Iyengar-Yoga konzentriert sich auf <strong>pr\u00e4zise K\u00f6rperausrichtung<\/strong> und bietet eine effektive Methode, um <strong>Muskelungleichgewichte dauerhaft zu korrigieren<\/strong>. Das Nutzen der sogenannten Yogahilfsmitteln bietet hier eine zus\u00e4tzliche Unterst\u00fctzung, um den K\u00f6rper dosiert und im eigenen Rhythmus an die Haltungen heranzuf\u00fchren.<\/span><\/p>\n<p>&nbsp;<\/p>\n<p>&nbsp;<\/p>\n<p>&nbsp;<\/p>\n<p>[\/et_pb_text][\/et_pb_column][et_pb_column type=&#8221;1_2&#8243; _builder_version=&#8221;4.21.2&#8243; _module_preset=&#8221;default&#8221; global_colors_info=&#8221;{}&#8221;][et_pb_text _builder_version=&#8221;4.21.2&#8243; _module_preset=&#8221;default&#8221; custom_margin=&#8221;57px||||false|false&#8221; custom_margin_tablet=&#8221;-140px||||false|false&#8221; custom_margin_phone=&#8221;-140px||||false|false&#8221; custom_margin_last_edited=&#8221;on|phone&#8221; hover_enabled=&#8221;0&#8243; global_colors_info=&#8221;{}&#8221; sticky_enabled=&#8221;0&#8243;]<\/p>\n<p>In der Yogatherapie bekommst Du ein individuell auf Dich zugeschnittenes \u00dcbungsprogramm nach eingehender Anamnese und Befundung. Der Yoga umfasst sowohl Haltungen zur Mobilisierung, Kr\u00e4ftigung, Koordination und Balance, als auch \u00dcbungen zur Atemsensibilisierung , Konzentration, Meditation und Entspannung, welche ebenso einen wichtigen Platz im \u00a0Gesundungsprozess einnehmen!<\/p>\n<p>[\/et_pb_text][\/et_pb_column][\/et_pb_row][\/et_pb_section][et_pb_section fb_built=&#8221;1&#8243; theme_builder_area=&#8221;post_content&#8221; _builder_version=&#8221;4.21.2&#8243; _module_preset=&#8221;default&#8221; background_color=&#8221;#fff3ed&#8221; hover_enabled=&#8221;0&#8243; sticky_enabled=&#8221;0&#8243; min_height_last_edited=&#8221;on|phone&#8221; height_last_edited=&#8221;on|phone&#8221; max_height_last_edited=&#8221;on|phone&#8221; height_phone=&#8221;843px&#8221; height_tablet=&#8221;702px&#8221;][et_pb_row _builder_version=&#8221;4.21.2&#8243; _module_preset=&#8221;default&#8221; column_structure=&#8221;1_2,1_2&#8243; theme_builder_area=&#8221;post_content&#8221;][et_pb_column _builder_version=&#8221;4.21.2&#8243; _module_preset=&#8221;default&#8221; type=&#8221;1_2&#8243; theme_builder_area=&#8221;post_content&#8221;][et_pb_text _builder_version=&#8221;4.21.2&#8243; _module_preset=&#8221;default&#8221; header_font_size=&#8221;25px&#8221; custom_margin=&#8221;-1px||||false|false&#8221; custom_margin_tablet=&#8221;-1px||||false|false&#8221; custom_margin_phone=&#8221;-16px||||false|false&#8221; custom_margin_last_edited=&#8221;on|phone&#8221; global_colors_info=&#8221;{}&#8221; theme_builder_area=&#8221;post_content&#8221;]<\/p>\n<h1>Wann ist Yogatherapie sinnvoll?<\/h1>\n<p>Yogatherapie ist bei fast allen Orthop\u00e4dischen Problemen sinnvoll, aber auch geeignet \u00a0zur Rehabilitationsma\u00dfnahme nach Operationen oder Unf\u00e4llen, ebenso wie bei vielen weiteren Erkrankungen. <span>Im Folgenden findest Du zur Orientierung eine \u00dcbersicht der Symptome, \u00a0Problematiken und\u00a0Erkrankungen bei denen eine Yogatherapie sinnvoll ist. Bitte kontaktiere mich gerne, wenn Du Dich angesprochen f\u00fchlst oder Fragen hast, oder Dir nicht sicher bist, ob die Yogatherapie das richtige f\u00fcr Dich ist.<\/span><\/p>\n<ul><\/ul>\n<ul>\n<li>R\u00fcckenproblematiken<span><\/span><\/li>\n<li>Bandscheibenvorfall<\/li>\n<li>Schulter-Arm- Syndrom<\/li>\n<li>Impingement &#8211; Syndrom<\/li>\n<li>HWS &#8211; Problematik<\/li>\n<li>Rundr\u00fccken\/Haltungsschw\u00e4che<\/li>\n<li>Skoliose<\/li>\n<li>Fu\u00dffehlstellungen ( Knick-Senk- Spreitz- Platt,&#8230;Fu\u00df)<\/li>\n<li>Knieprobleme<\/li>\n<\/ul>\n<p><span><\/span><\/p>\n<p>[\/et_pb_text][\/et_pb_column][et_pb_column _builder_version=&#8221;4.21.2&#8243; _module_preset=&#8221;default&#8221; type=&#8221;1_2&#8243; theme_builder_area=&#8221;post_content&#8221;][et_pb_text _builder_version=&#8221;4.21.2&#8243; _module_preset=&#8221;default&#8221; custom_margin_tablet=&#8221;-264px||||false|false&#8221; custom_margin_phone=&#8221;-264px||||false|false&#8221; custom_margin_last_edited=&#8221;on|phone&#8221; hover_enabled=&#8221;0&#8243; global_colors_info=&#8221;{}&#8221; theme_builder_area=&#8221;post_content&#8221; sticky_enabled=&#8221;0&#8243;]<\/p>\n<p>&nbsp;<\/p>\n<p>&nbsp;<\/p>\n<p>&nbsp;<\/p>\n<p>&nbsp;<\/p>\n<p>&nbsp;<\/p>\n<p>&nbsp;<\/p>\n<ul>\n<li>Multiple Sklerose<\/li>\n<li>Unruhezust\u00e4nde<\/li>\n<li>Schlafst\u00f6rungen<\/li>\n<li>Konzentrationsst\u00f6rungen<span style=\"font-size: 14px;\">\u00a0<\/span><\/li>\n<\/ul>\n<p>&nbsp;<\/p>\n<p>&nbsp;<\/p>\n<p>&nbsp;<\/p>\n<p>&nbsp;<\/p>\n<p>[\/et_pb_text][\/et_pb_column][\/et_pb_row][\/et_pb_section]<\/p>\n","protected":false},"excerpt":{"rendered":"<p>Yogatherapie Yoga in der PhysiotherapieIyengar\u00ae-Yoga und Spiraldynamik\u00ae in der Physiotherapie Die Kombination von Spiraldynamik und Iyengar-Yoga in der Physiotherapie bietet eine ganzheitliche Herangehensweise zur Rehabilitation und Schmerzbehandlung. Spiraldynamik basiert auf nat\u00fcrlichen Spiralmustern im K\u00f6rper und hilft, Bewegungsabl\u00e4ufe zu optimieren. Iyengar-Yoga konzentriert sich auf pr\u00e4zise K\u00f6rperausrichtung und bietet eine effektive Methode, um Muskelungleichgewichte dauerhaft zu korrigieren. [&hellip;]<\/p>\n","protected":false},"author":1,"featured_media":0,"parent":0,"menu_order":0,"comment_status":"closed","ping_status":"closed","template":"","meta":{"_et_pb_use_builder":"on","_et_pb_old_content":"","_et_gb_content_width":"","om_disable_all_campaigns":false,"_monsterinsights_skip_tracking":false,"_monsterinsights_sitenote_active":false,"_monsterinsights_sitenote_note":"","_monsterinsights_sitenote_category":0,"footnotes":""},"class_list":["post-183","page","type-page","status-publish","hentry"],"aioseo_notices":[],"_links":{"self":[{"href":"http:\/\/imotion-yoga.de\/home\/wp-json\/wp\/v2\/pages\/183","targetHints":{"allow":["GET"]}}],"collection":[{"href":"http:\/\/imotion-yoga.de\/home\/wp-json\/wp\/v2\/pages"}],"about":[{"href":"http:\/\/imotion-yoga.de\/home\/wp-json\/wp\/v2\/types\/page"}],"author":[{"embeddable":true,"href":"http:\/\/imotion-yoga.de\/home\/wp-json\/wp\/v2\/users\/1"}],"replies":[{"embeddable":true,"href":"http:\/\/imotion-yoga.de\/home\/wp-json\/wp\/v2\/comments?post=183"}],"version-history":[{"count":5,"href":"http:\/\/imotion-yoga.de\/home\/wp-json\/wp\/v2\/pages\/183\/revisions"}],"predecessor-version":[{"id":387,"href":"http:\/\/imotion-yoga.de\/home\/wp-json\/wp\/v2\/pages\/183\/revisions\/387"}],"wp:attachment":[{"href":"http:\/\/imotion-yoga.de\/home\/wp-json\/wp\/v2\/media?parent=183"}],"curies":[{"name":"wp","href":"https:\/\/api.w.org\/{rel}","templated":true}]}}