{"id":30,"date":"2023-08-07T18:11:28","date_gmt":"2023-08-07T16:11:28","guid":{"rendered":"http:\/\/imotion-yoga.de\/?page_id=30"},"modified":"2023-09-28T16:07:55","modified_gmt":"2023-09-28T14:07:55","slug":"blog","status":"publish","type":"page","link":"http:\/\/imotion-yoga.de\/home\/blog\/","title":{"rendered":"Blog"},"content":{"rendered":"<p>[et_pb_section fb_built=&#8221;1&#8243; fullwidth=&#8221;on&#8221; _builder_version=&#8221;4.21.0&#8243; _module_preset=&#8221;default&#8221; global_colors_info=&#8221;{}&#8221;][et_pb_fullwidth_slider _builder_version=&#8221;4.21.0&#8243; _module_preset=&#8221;default&#8221; header_font=&#8221;|700|||||||&#8221; header_text_color=&#8221;#E09900&#8243; header_font_size=&#8221;63px&#8221; body_font_size=&#8221;25px&#8221; body_line_height=&#8221;1.9em&#8221; global_colors_info=&#8221;{}&#8221;][et_pb_slide heading=&#8221;Iyengar\u00ae-Yoga trifft Spiraldynamik&#8221; _builder_version=&#8221;4.21.0&#8243; _module_preset=&#8221;default&#8221; background_image=&#8221;http:\/\/imotion-yoga.de\/wp-content\/uploads\/2023\/08\/205CB81A-2F6E-4D30-8E9C-5F1239B47916-scaled.jpeg&#8221; background_enable_image=&#8221;on&#8221; global_colors_info=&#8221;{}&#8221; sticky_transition=&#8221;on&#8221;]<\/p>\n<p>Hier finden Sie Berichte \u00fcber Yogareisen oder einfach Gedanken und Erfahrungen zum Thema Yoga und Spiraldynamik<\/p>\n<p>[\/et_pb_slide][et_pb_slide heading=&#8221;Iyengar\u00ae-Yoga trifft Spiraldynamik&#8221; _builder_version=&#8221;4.21.0&#8243; _module_preset=&#8221;default&#8221; background_image=&#8221;http:\/\/imotion-yoga.de\/wp-content\/uploads\/2023\/08\/P1040942-scaled.jpg&#8221; background_enable_image=&#8221;on&#8221; global_colors_info=&#8221;{}&#8221; sticky_transition=&#8221;on&#8221;]<\/p>\n<p>Hier finden Sie Berichte \u00fcber Yogareisen oder einfach Gedanken und Erfahrungen zum Thema Yoga und Spiraldynamik<\/p>\n<p>[\/et_pb_slide][et_pb_slide heading=&#8221;Iyengar\u00ae-Yoga trifft Spiraldynamik&#8221; _builder_version=&#8221;4.21.0&#8243; _module_preset=&#8221;default&#8221; background_image=&#8221;http:\/\/imotion-yoga.de\/wp-content\/uploads\/2023\/08\/P1040965-scaled.jpg&#8221; background_enable_image=&#8221;on&#8221; global_colors_info=&#8221;{}&#8221; sticky_transition=&#8221;on&#8221;]<\/p>\n<p>Hier finden Sie Berichte \u00fcber Yogareisen oder einfach Gedanken und Erfahrungen zum Thema Yoga und Spiraldynamik<\/p>\n<p>[\/et_pb_slide][\/et_pb_fullwidth_slider][\/et_pb_section][et_pb_section fb_built=&#8221;1&#8243; _builder_version=&#8221;4.21.0&#8243; _module_preset=&#8221;default&#8221; global_colors_info=&#8221;{}&#8221;][et_pb_row _builder_version=&#8221;4.21.0&#8243; _module_preset=&#8221;default&#8221; global_colors_info=&#8221;{}&#8221;][et_pb_column type=&#8221;4_4&#8243; _builder_version=&#8221;4.21.0&#8243; _module_preset=&#8221;default&#8221; global_colors_info=&#8221;{}&#8221;][et_pb_blog fullwidth=&#8221;off&#8221; show_more=&#8221;on&#8221; _builder_version=&#8221;4.21.2&#8243; _module_preset=&#8221;default&#8221; header_font=&#8221;|700|||||||&#8221; header_font_size=&#8221;26px&#8221; header_line_height=&#8221;1.4em&#8221; hover_enabled=&#8221;0&#8243; border_color_top_image=&#8221;#E09900&#8243; global_colors_info=&#8221;{}&#8221; include_categories=&#8221;11,1,all&#8221; sticky_enabled=&#8221;0&#8243;][\/et_pb_blog][\/et_pb_column][\/et_pb_row][\/et_pb_section]<\/p>\n","protected":false},"excerpt":{"rendered":"<p>Hier finden Sie Berichte \u00fcber Yogareisen oder einfach Gedanken und Erfahrungen zum Thema Yoga und SpiraldynamikHier finden Sie Berichte \u00fcber Yogareisen oder einfach Gedanken und Erfahrungen zum Thema Yoga und SpiraldynamikHier finden Sie Berichte \u00fcber Yogareisen oder einfach Gedanken und Erfahrungen zum Thema Yoga und Spiraldynamik<\/p>\n","protected":false},"author":1,"featured_media":0,"parent":0,"menu_order":0,"comment_status":"closed","ping_status":"closed","template":"","meta":{"_et_pb_use_builder":"on","_et_pb_old_content":"","_et_gb_content_width":"","om_disable_all_campaigns":false,"_monsterinsights_skip_tracking":false,"_monsterinsights_sitenote_active":false,"_monsterinsights_sitenote_note":"","_monsterinsights_sitenote_category":0,"footnotes":""},"class_list":["post-30","page","type-page","status-publish","hentry"],"aioseo_notices":[],"_links":{"self":[{"href":"http:\/\/imotion-yoga.de\/home\/wp-json\/wp\/v2\/pages\/30","targetHints":{"allow":["GET"]}}],"collection":[{"href":"http:\/\/imotion-yoga.de\/home\/wp-json\/wp\/v2\/pages"}],"about":[{"href":"http:\/\/imotion-yoga.de\/home\/wp-json\/wp\/v2\/types\/page"}],"author":[{"embeddable":true,"href":"http:\/\/imotion-yoga.de\/home\/wp-json\/wp\/v2\/users\/1"}],"replies":[{"embeddable":true,"href":"http:\/\/imotion-yoga.de\/home\/wp-json\/wp\/v2\/comments?post=30"}],"version-history":[{"count":11,"href":"http:\/\/imotion-yoga.de\/home\/wp-json\/wp\/v2\/pages\/30\/revisions"}],"predecessor-version":[{"id":388,"href":"http:\/\/imotion-yoga.de\/home\/wp-json\/wp\/v2\/pages\/30\/revisions\/388"}],"wp:attachment":[{"href":"http:\/\/imotion-yoga.de\/home\/wp-json\/wp\/v2\/media?parent=30"}],"curies":[{"name":"wp","href":"https:\/\/api.w.org\/{rel}","templated":true}]}}